{"id":23,"date":"2022-09-20T11:55:05","date_gmt":"2022-09-20T11:55:05","guid":{"rendered":"https:\/\/fastwpdemo.com\/newwp\/ticrou\/?page_id=23"},"modified":"2025-10-16T20:18:17","modified_gmt":"2025-10-16T18:18:17","slug":"services","status":"publish","type":"page","link":"https:\/\/tpcompagnie.fr\/?page_id=23","title":{"rendered":"Services"},"content":{"rendered":"\t\t<div data-elementor-type=\"wp-page\" data-elementor-id=\"23\" class=\"elementor elementor-23\">\n\t\t\t\t\t\t<section class=\"elementor-section elementor-top-section elementor-element elementor-element-27a197f elementor-section-full_width elementor-section-height-default elementor-section-height-default\" data-id=\"27a197f\" data-element_type=\"section\">\n\t\t\t\t\t\t<div class=\"elementor-container elementor-column-gap-default\">\n\t\t\t\t\t<div class=\"elementor-column elementor-col-100 elementor-top-column elementor-element elementor-element-35cf610\" data-id=\"35cf610\" data-element_type=\"column\">\n\t\t\t<div class=\"elementor-widget-wrap elementor-element-populated\">\n\t\t\t\t\t\t<div class=\"elementor-element elementor-element-013edf0 elementor-widget elementor-widget-ticrou_our_services_v1\" data-id=\"013edf0\" data-element_type=\"widget\" data-widget_type=\"ticrou_our_services_v1.default\">\n\t\t\t\t<div class=\"elementor-widget-container\">\n\t\t\t\t\t        \n        <!-- service-section -->\n        <section class=\"service-section service-page alternat-2 centred\">\n            <div class=\"pattern-layer\" style=\"background-image: url(https:\/\/tpcompagnie.fr\/wp-content\/themes\/ticrou\/assets\/images\/shape\/shape-2.png);\"><\/div>            <div class=\"auto-container\">\n                                <div class=\"sec-title mb_50\">\n                    <span class=\"sub-title\">Services<\/span>                    <h2>Qualit\u00e9 &amp; Passion avec <br \/>Nos Services<\/h2>                <\/div>\n                                <div class=\"row clearfix\">\n                                        <div class=\"col-lg-3 col-md-6 col-sm-12 service-block\">\n                        <div class=\"service-block-one wow fadeInUp animated\" data-wow-delay=\"00ms\" data-wow-duration=\"1500ms\">\n                            <div class=\"inner-box\">\n                                <div class=\"icon-box\"><i class=\"icon-17\"><\/i><\/div>\n                                <h3><a href=\"https:\/\/tpcompagnie.fr\/?service=birtdhday-party\">Anniversaire<\/a><\/h3>\n                                <p>La TPcompagnie peut aussi r\u00e9alis\u00e9 vos gateaux d&#8217;anniversaire des cr\u00e9ations sucr\u00e9es qui font sensation \u00e0 chaque occasion.<\/p>\n                                <div class=\"btn-box\">\n                                    <a href=\"https:\/\/tpcompagnie.fr\/?service=birtdhday-party\" class=\"theme-btn-two\">En savoir plus<\/a>\n                                <\/div>\n                            <\/div>\n                        <\/div>\n                    <\/div>\n                                        <div class=\"col-lg-3 col-md-6 col-sm-12 service-block\">\n                        <div class=\"service-block-one wow fadeInUp animated\" data-wow-delay=\"00ms\" data-wow-duration=\"1500ms\">\n                            <div class=\"inner-box\">\n                                <div class=\"icon-box\"><i class=\"icon-20\"><\/i><\/div>\n                                <h3><a href=\"https:\/\/tpcompagnie.fr\/?service=online-delivery\">Service livraison \u00e0 domicile(hors saison)<\/a><\/h3>\n                                <p><\/p>\n                                <div class=\"btn-box\">\n                                    <a href=\"https:\/\/tpcompagnie.fr\/?service=online-delivery\" class=\"theme-btn-two\">En savoir plus<\/a>\n                                <\/div>\n                            <\/div>\n                        <\/div>\n                    <\/div>\n                                        <div class=\"col-lg-3 col-md-6 col-sm-12 service-block\">\n                        <div class=\"service-block-one wow fadeInUp animated\" data-wow-delay=\"00ms\" data-wow-duration=\"1500ms\">\n                            <div class=\"inner-box\">\n                                <div class=\"icon-box\"><i class=\"fa fa-cheeseburger\"><\/i><\/div>\n                                <h3><a href=\"https:\/\/tpcompagnie.fr\/?service=traiteur-a-domicile\">Traiteur \u00e0 domicile<\/a><\/h3>\n                                <p>La TP compagnie dispose d&#8217;un service traiteur \u00e0 domicile pr\u00e9sent pour transformer chaque repas en un moment ...<\/p>\n                                <div class=\"btn-box\">\n                                    <a href=\"https:\/\/tpcompagnie.fr\/?service=traiteur-a-domicile\" class=\"theme-btn-two\">En savoir plus<\/a>\n                                <\/div>\n                            <\/div>\n                        <\/div>\n                    <\/div>\n                                        <div class=\"col-lg-3 col-md-6 col-sm-12 service-block\">\n                        <div class=\"service-block-one wow fadeInUp animated\" data-wow-delay=\"00ms\" data-wow-duration=\"1500ms\">\n                            <div class=\"inner-box\">\n                                <div class=\"icon-box\"><i class=\"fa fa-rings-wedding\"><\/i><\/div>\n                                <h3><a href=\"https:\/\/tpcompagnie.fr\/?service=mariage\">Mariage<\/a><\/h3>\n                                <p>Chez TPcompagnie , nous faisons de vos plus beau moments un souvenir inoubliable. En plus de nos ...<\/p>\n                                <div class=\"btn-box\">\n                                    <a href=\"https:\/\/tpcompagnie.fr\/?service=mariage\" class=\"theme-btn-two\">En savoir plus<\/a>\n                                <\/div>\n                            <\/div>\n                        <\/div>\n                    <\/div>\n                                        <div class=\"col-lg-3 col-md-6 col-sm-12 service-block\">\n                        <div class=\"service-block-one wow fadeInUp animated\" data-wow-delay=\"00ms\" data-wow-duration=\"1500ms\">\n                            <div class=\"inner-box\">\n                                <div class=\"icon-box\"><i class=\"fa fa-building\"><\/i><\/div>\n                                <h3><a href=\"https:\/\/tpcompagnie.fr\/?service=location-de-salle\">Location de salle<\/a><\/h3>\n                                <p>&nbsp; Ces espaces chaleureux et conviviaux sont id\u00e9als pour vos repas en groupe, \u00e9v\u00e9nements priv\u00e9s ou prof\u00e9ssionnels. ...<\/p>\n                                <div class=\"btn-box\">\n                                    <a href=\"https:\/\/tpcompagnie.fr\/?service=location-de-salle\" class=\"theme-btn-two\">En savoir plus<\/a>\n                                <\/div>\n                            <\/div>\n                        <\/div>\n                    <\/div>\n                                    <\/div>\n            <\/div>\n        <\/section>\n        <!-- service-section end -->\n  \n\t\t\t\t\t\t<\/div>\n\t\t\t\t<\/div>\n\t\t\t\t\t<\/div>\n\t\t<\/div>\n\t\t\t\t\t<\/div>\n\t\t<\/section>\n\t\t\t\t<\/div>\n\t\t","protected":false},"excerpt":{"rendered":"<p>Services Qualit\u00e9 &amp; Passion avec Nos Services Anniversaire Description On the other hand, we denounce with righteous indignation and dislike men who are so beguiled and demoralized by the charms of pleasure of the moment, so blinded by desire, that they cannot trouble that are bound to ensue equal blame belongs Denounce with righteous indignation [&hellip;]<\/p>\n","protected":false},"author":1,"featured_media":0,"parent":0,"menu_order":0,"comment_status":"closed","ping_status":"closed","template":"tpl-default-elementor.php","meta":{"footnotes":""},"class_list":["post-23","page","type-page","status-publish","hentry"],"jetpack_sharing_enabled":true,"_links":{"self":[{"href":"https:\/\/tpcompagnie.fr\/index.php?rest_route=\/wp\/v2\/pages\/23","targetHints":{"allow":["GET"]}}],"collection":[{"href":"https:\/\/tpcompagnie.fr\/index.php?rest_route=\/wp\/v2\/pages"}],"about":[{"href":"https:\/\/tpcompagnie.fr\/index.php?rest_route=\/wp\/v2\/types\/page"}],"author":[{"embeddable":true,"href":"https:\/\/tpcompagnie.fr\/index.php?rest_route=\/wp\/v2\/users\/1"}],"replies":[{"embeddable":true,"href":"https:\/\/tpcompagnie.fr\/index.php?rest_route=%2Fwp%2Fv2%2Fcomments&post=23"}],"version-history":[{"count":4,"href":"https:\/\/tpcompagnie.fr\/index.php?rest_route=\/wp\/v2\/pages\/23\/revisions"}],"predecessor-version":[{"id":1067,"href":"https:\/\/tpcompagnie.fr\/index.php?rest_route=\/wp\/v2\/pages\/23\/revisions\/1067"}],"wp:attachment":[{"href":"https:\/\/tpcompagnie.fr\/index.php?rest_route=%2Fwp%2Fv2%2Fmedia&parent=23"}],"curies":[{"name":"wp","href":"https:\/\/api.w.org\/{rel}","templated":true}]}}